*z + 22*z - 4 - 3*z. Determine k(-4).
-29
Let d(b) = 19*b**3 + 3*b**2 + 3*b. Let w(j) = -17*j**3 - 4*j**2 - 4*j. Let h(g) = -5*d(g) - 4*w(g). What is h(-1)?
27
Let i(b) = 3*b + 12 + 17 - 42 + 0*b + 20. Give i(-6).
-11
Suppose -8*f - 1691 = -1651. Suppose 0 = -0*i - 3*i. Let u(l) = -l**2 + 2 + 6*l + 2*l**2 + i. What is u(f)?
-3
Let u(h) be the second derivative of 4*h + 0 + 1/3*h**3 - 1/12*h**4 + 7/2*h**2. Calculate u(5).
-8
Let q(g) = g**2 - g - 1. Let y(z) = 5*z**2 - 11*z - 5. Let k = -1 + -5. Let f(w) = k*q(w) + y(w). Give f(-6).
-5
Let h(c) be the second derivative of -c**5/20 + c**4/6 - c**3/2 + c + 20. Give h(2).
-6
Let w be 1 + (4 - 4) + 2. Let g(q) = -2*q**2 + 1. Let d(x) = 4*x**2 - 2. Let h(n) = w*d(n) + 7*g(n). Let z be (16/12)/(2/3). What is h(z)?
-7
Let h(w) = w**2 + 14*w + 14. Let i be h(-13). Let a(r) = -18*r**3 - 1. Calculate a(i).
-19
Suppose 6*t - 7*t = -k - 5, 3*k + 3*t = 9. Let r(g) = -2*g**3 + g. Give r(k).
1
Let s(h) = -h. Suppose 24 = 3*i - 3*a, 5*i - 3*a - 7 = 35. Determine s(i).
-9
Let d(z) = z**3 - 7*z**2 + 3*z + 2. Let n = -466 - -472. Give d(n).
-16
Let l(q) be the third derivative of q**6/720 - q**5/120 + q**4/4 + 2*q**2. Let i(y) be the second derivative of l(y). What is i(6)?
5
Let v(f) = -7*f**2 + f + 1. Let q = -36 + 32. Let k(y) = -8*y**2 + y + 1. Let b(t) = q*v(t) + 3*k(t). Give b(-1).
4
Let d be (-88)/(-4) - 4 - -2. Let k(t) = -41*t + d*t + 22*t. Calculate k(3).
3
Let h(f) = -f**3 + f**2 - f - 2. Let a(v) = v**2 + 14*v + 25. Let w be a(-8). Let d = w - -25. Give h(d).
-8
Let b(a) = -5*a**3 - 11*a**2 + 5*a + 3. Let i(d) = 6*d**3 + 12*d**2 - 6*d - 2. Let x(f) = 5*b(f) + 4*i(f). Suppose -s = 5*n + 33, -n + 3*s - 6 = 7. Give x(n).
0
Let i(f) = -f**3 + 5*f**2 + 8*f - 9. Suppose -7 = 2*v + 3*g, 4*v - 6*g - 31 = -3*g. Suppose -v = -5*o + 6, 2*o = -3*s + 22. What is i(s)?
3
Let n(q) = 6*q**3 + 3*q**2 + 7*q - 4. Let i(h) = -7*h**3 - 5*h**2 - 8*h + 5. Let y(t) = 5*i(t) + 6*n(t). Determine y(6).
-23
Suppose 15 = 7*l - 27. Let k(f) = -2*f + 2. Let b(x) = -2*x + 1. Let g(h) = -4*b(h) + 3*k(h). Give g(l).
14
Let l = 77 - 68. Let i(w) = -5*w**3 - 11 + 6*w**2 + l - 3*w + 6*w**3 - 4. Let d(s) = s**3 + 5*s**2 - 6*s - 6. Let a be d(-6). Determine i(a).
12
Let b(c) be the second derivative of c**3/6 - 5*c**2/2 - c + 620. Give b(-3).
-8
Suppose 0 = -0*s + 3*s + 15. Let k(v) = 3*v**3 - 4*v - 3. Let g(n) = 3*n**3 - 5*n - 4. Let r(w) = s*k(w) + 4*g(w). Give r(-1).
2
Let l(w) be the first derivative of -w**2 - 3*w + 2. Suppose -5*n - n = 24. Give l(n).
5
Suppose -14 = 2*v - 10. Let a(h) = -3*h**2 - 14*h + 12. Let k(l) = l**2 + 7*l - 6. Let b(u) = v*a(u) - 5*k(u). What is b(7)?
6
Let a(u) = -u**3 + 4*u**2 + u + 4. Let c(z) = z**3 - 12*z**2 + 14*z - 28. Let q be c(11). Suppose q*l + w - 3*w - 28 = 0, 4*w + 12 = -l. Determine a(l).
8
Let k(t) = 799*t + 0*t**2 + 0*t**2 + t**2 - 1 - 800*t. What is k(-3)?
11
Let y be (8 - (3 + 0)) + (-1 - 2). Let r(m) = -4*m**y + 6*m + 0*m**2 - 5*m. What is r(-1)?
-5
Let j(w) = -w**2 + 7*w + 14. Let f = -882 - -890. Determine j(f).
6
Suppose 0*m + 1 = b + 2*m, -5*b + 5 = -4*m. Let c(i) = 23*i. What is c(b)?
23
Let q(h) = 27 + 4*h - 11*h + 21 + 26 - 67. What is q(3)?
-14
Let s(c) be the first derivative of 3*c**3 - 3*c**2/2 + 34. Let h(n) = -6*n**2 + 2*n. Let w(g) = -8*h(g) - 5*s(g). Determine w(-1).
4
Let o(b) = -6*b**3 + b**2 - 1. Let p(j) = j**2 + 3. Let c be p(-3). Let a = 13 - c. Let n be o(a). Let r(v) = -v**3 - 6*v**2 - v + 8. Determine r(n).
14
Let j(h) = -2*h - 14. Let x(l) = -6*l**2 - l - 14. Let g be x(0). Determine j(g).
14
Let h = -19 + 13. Let n(t) = -2*t + 88 - 41 + 4*t - 44. Calculate n(h).
-9
Let h(x) = -56 + 19 + 31*x + 17 + 21. What is h(1)?
32
Let z(v) be the third derivative of -v**5/30 - v**4/6 + 4*v**3/3 + v**2 + 4. What is z(-4)?
-8
Suppose -f = -2*y - 23, -3*f - 39 = -6*f - 4*y. Suppose 2*b = 5*z + f, -3*z + 2*z - 8 = -5*b. Let o(m) = m**2 - 2*m + 3. Determine o(z).
18
Suppose -4*v + 4 = 5*s, v + 0 + 4 = 0. Let m(f) = -f**2. Let c(r) = -5*r + 1 + 7*r**2 - 2 + 2*r + 2. Let j(a) = c(a) + 6*m(a). Calculate j(s).
5
Let n(r) = -r**3 - 7*r**2 + 6*r + 6. Suppose -3*c = -2*y + 11 + 11, -18 = 2*c + 2*y. Calculate n(c).
22
Let p(q) be the first derivative of q**3/3 + 4*q**2 + 2*q + 1. Determine p(-7).
-5
Let t(s) = s**3 - 8*s**2 + s + 4. Let m(j) be the first derivative of -j**2/2 - 44. Let b(l) = -5*m(l) + t(l). Determine b(7).
-3
Let w(u) = -7*u + 6. Let g(l) = -3*l + 5. Let o(f) = -5*g(f) + 4*w(f). What is o(-1)?
12
Let p(r) be the second derivative of r**4/12 + r**3 - r**2 + 14*r. Let b = -27 + 20. What is p(b)?
5
Let i(h) be the first derivative of 1/3*h**3 + 3/4*h**4 + 2 + h - 1/2*h**2. Determine i(1).
4
Let l(i) = -2*i**2 - 4*i - 8. Let n(s) = -2*s**2 - 5*s - 12. Let r(x) = -5*l(x) + 4*n(x). Calculate r(3).
10
Let t(j) = 26*j**3 - 11*j**2 + 3*j - 3. Let g(b) be the first derivative of -17*b**4/4 + 7*b**3/3 - b**2 + 2*b + 13. Let f(q) = 8*g(q) + 5*t(q). What is f(1)?
-5
Suppose 4*x - 1 = -3*t, 4*t - 18 = x + 2*x. Let l(m) be the third derivative of 1/15*m**5 - 1/120*m**6 + 1/2*m**t + 0 + 1/24*m**4 + m**2 + 0*m. Calculate l(4).
7
Let i(z) = 1 - 5*z**2 - 6 - 5*z**2 - z**3. Let y(h) = 9*h**2 - 149*h + 70. Let u be y(16). Determine i(u).
-5
Let y(l) = -l**3 - 16*l**2 - 16*l - 7. Let v be y(-15). Let i(p) = -p**3 + 7*p**2 + 8*p + 6. What is i(v)?
6
Let h(z) = 3*z**2 - 9*z - 2 - 1 - 2*z**2 - 2*z**2. Let d = 127 + -136. What is h(d)?
-3
Let y(x) = 4*x - 101 + 49 + 44 - 3*x - 3*x**2 + 4*x. Determine y(3).
-20
Let t(m) = -m**3 - 4*m**2 - 2*m - 4. Let a be (-324)/60 - 4/(-10). What is t(a)?
31
Let x(m) = m**3 - 3*m**2 + m + 3. Suppose -4*i = -6 - 6. Let z be x(i). Let y(h) = -11 - 5*h + h**3 + 16 - h**2 + z*h**2 - h. Give y(-6).
5
Let o(j) be the second derivative of j**5/20 + 7*j**4/12 - 3*j**3/2 - 7*j**2/2 + 2*j - 16. What is o(-8)?
1
Let j(h) = -18 - 9 + 12*h - 16*h + 29. Determine j(2).
-6
Let s be (-4 + -4 - -2) + 1. Let x(j) = j**2 + j - 1. Give x(s).
19
Let h(y) = -y**3 + 3*y**2 + 4*y - 5. Let f(i) = i**3 + 8*i**2 - 21*i - 6. Let j be f(-10). Calculate h(j).
-5
Let r(s) = -s**2 + s + 9. Suppose 7*a + 22 = 3*a + 2*d, -5*a - 20 = -5*d. Give r(a).
-47
Let i(s) be the first derivative of -s**6/360 - s**5/20 - s**4/4 + 5*s**3/3 + 4. Let a(f) be the third derivative of i(f). Determine a(-5).
-1
Suppose 4*q = -5*m - 10, 0 = -8*q + 4*q - 2*m - 16. Let u(h) = -2 - 1 - 8*h - h**2 + 2 - 5. Give u(q).
9
Let w(f) = 7*f**2 + 78*f - 79. Let g be w(1). Let l(p) be the third derivative of 0 - 1/120*p**g - 1/30*p**5 + p**2 + 0*p - 1/6*p**3 + 1/8*p**4. Calculate l(2).
-11
Let n(j) = -j - 3. Let o(i) = -8*i - 22. Let s(h) = 21*n(h) - 3*o(h). Calculate s(6).
21
Let z = -4 + 10. Suppose -4*a - 40 = -4*l, -a - 4*a - 26 = -l. Let s(u) = -l*u - 29*u**2 + 3 + 4 + 30*u**2. Determine s(z).
7
Let j = -2752 - -2758. Let v(i) = i**2 - 6*i - 5. Calculate v(j).
-5
Let o(t) = t**2 - 4*t - 20. Let j(x) = -2*x**2 + 7*x + 41. Let d(p) = 3*j(p) + 5*o(p). Calculate d(0).
23
Suppose -d - u = -5, -d + 2 = -u + 1. Suppose d*o = 2*o + 2*w - 2, -44 = -3*o - 4*w. Let x(h) = -10*h**2 + o*h**2 + 3*h**2 - 1 - 7*h. Determine x(7).
-1
Suppose -42 = -9*j + 2*j. Let v(o) = o**2 - 5*o + 6. Give v(j).
12
Let o(m) = m**3 - 2*m**2 - 3*m. Let g be o(3). Let q(t) = -1 + g*t**3 - 6*t**3 + 5*t**3 + 2*t - 2*t**2. What is q(-2)?
-5
Let k(c) = -3*c**2 - 5*c - 9. Let r(u) = -4*u**2 - 4*u - 10. Let m(s) = -3*k(s) + 2*r(s). Give m(-6).
1
Let v(f) = 57 - 56 + 2*f + 6*f**2 - 7*f**2. Suppose -3*t + 20 = 2*i, -i - t = -5*t + 12. Calculate v(i).
-7
Let d be -2*(-3)/6*2. Let l(k) be the first derivative of 3*k**2 - 4 - k**2 - k - 6*k**d. Give l(-1).
7
Let u(s) = -s**2 + 4. Let h be u(0). Let b(t) = 8*t + 2. Let f be b(0). Let k(r) = -f - h*r + 6 + 5*r. What is k(-5)?
-1
Let c be (9/(-15))/(5/75). Suppose 5*s = 10, 4*m + 4*s + 10 = s. Let i = c - m. Let d(x) = x**3 + 6*x**2 + 4*x - 2. What is d(i)?
3
Let f(c) = c**3 - 10*c**2 + 2*c + 19. Let h(a) = a**3 - 10*a**2 + a + 21. Let l(j) = -5*f(j) + 4*h(j). Give l(9).
16
Let x(o) = -6*o + 60. Let l(b) = -5*b + 49. Let a(p) = 7*l(p) - 6*x(p). Give a(8).
-9
Let g(v) = -2*v**2 + 18*v - 5. Let q be g(9). Let n = 4 + q. Let a(s) = s. Give a(n).
-1
Let d(m) be the first derivative of -m**4/24 + 7*m**3/6 - 21*m**2 + 4. 